(-20 - (-3 - -9 - 3)) + (10 - 8).
-21
33 - (-25 + 17 - -55)
-14
Evaluate (-3 - 0) + -3 + (2 - 0) + 8.
4
Evaluate 12 + -29 - 19 - -30.
-6
-1 - (-8 - ((-4 + 7 - 6) + -8))
-4
Calculate 429 + -413 + -22 + 0.
-6
What is the value of -2 - -7 - 17 - 1?
-13
Calculate -9 + 37 + (3 - (-8 + 21)).
18
12 - (10 + (-15 - -17))
0
-10 - (-22 + -4 + 7)
9
Calculate (47 - 36) + -10 + 1 - (-4 - 1).
7
Calculate -5 - (0 + -10 + 7 + 6).
-8
What is -7 + (20 + -22 - (0 - 0) - -21)?
12
What is -4 + 4 + (1 - -1 - (14 + -20))?
8
What is -3 + 7 + -9 + 8 + 0?
3
What is the value of -18 + (-1 + -2 - (-79 + 72))?
-14
Calculate -13 + (5 - (10 + -6)).
-12
What is 3 - (-4 + 8 + -7 + -9 + 7)?
8
Calculate -5 + (4 - 5) - 9 - -22.
7
What is 6 + 3 + 1 + -4 + -1 - 7?
-2
Evaluate (14 - (-3 - -3) - 7 - 12) + 3.
-2
What is the value of 4 - (-2 + 6 + -11)?
11
Calculate -3 + 1 - (-37 - -18 - -5).
12
What is the value of -15 + 7 - (-5 + 1 + -8)?
4
What is (3 - 7) + 5 + -12 + 6?
-5
8 - 1 - (-493 + 528) - -4
-24
Evaluate (26 - (63 + -26) - (-1 + -13)) + -8.
-5
Calculate -6 + 1 + 1 + -1 - 0.
-5
(10 - (10 - (4 - 3))) + 3
4
What is 1 - (7 - (8 - 8)) - 3?
-9
Evaluate 11 + -2 + 13 + (-7 + 10 - 1).
24
15 + (-13 - (13 - (7 - -21)))
17
What is (78 - 44) + -52 - (2 + 5)?
-25
What is (-15 - -6) + (3 - -9 - -2) - 30?
-25
-13 - (-3 - (2 + -8 - -2))
-14
What is the value of -6 + (2 - (-15 + (10 - 7)))?
8
Calculate (-1 + 23 - 31 - (1 + -2)) + 33.
25
Calculate (5 + 0 - (9 - -4)) + -4.
-12
Calculate (-6 - -1) + -1 + (5 - (10 - 5)).
-6
What is the value of -4 + -4 - (-28 - -17) - 11?
-8
Calculate -7 + 12 + -5 + 3 - -2.
5
Evaluate -9 + 9 + (9 - 4).
5
What is 3 + 23 + -58 + 40?
8
What is -7 - (-2 - 10) - (0 - -9 - 5)?
1
What is -14 + -1 + -1861 + 1910?
34
Calculate -5 - (-22 - -17) - -2.
2
Calculate (9 - (-7 + 13)) + -13.
-10
Evaluate -5 + (13 - 3) - (-2 - (1 - -1)).
9
2 + -19 + -4 + 11 - (0 + 7)
-17
Evaluate (-16 - -25) + 3 + 3.
15
What is (-26 - (11 - 16)) + 26?
5
What is -24 + (-10 - -10) + 2 + 8?
-14
What is 16 - (-7 - (7 + -42))?
-12
What is -15 + 10 + 15 + 2 + -8?
4
Calculate 13 + 1 + 2 + -4 + -3 + 2.
11
What is -28 - -40 - (11 - -6)?
-5
What is the value of -19 + 4 - (-56 + 42)?
-1
Calculate 19 + -49 - (9 + (0 - 3 - 3)).
-33
What is 3 + (-6 - -5 - -5 - 26)?
-19
What is the value of -19 - (20 - (7 - -21))?
-11
Evaluate -25 - (55 + -63 + 12 + -2).
-27
What is 4 + (-6 - ((5 - 3) + -15 + 7))?
4
28 + -5 + (-6 - 3)
14
Calculate (-89 - -99) + (1 - -1) + -2.
10
Evaluate (1 - (5 + -1)) + (17 - 14) + 1.
1
What is the value of -1 + -5 + (46 - 46) - (-7 + -6)?
7
5 + 6 + (-1 - 3) + -3
4
Calculate (-29 - -33) + -3 + 1 + 4.
6
What is -23 + (14 - 5) + 17?
3
Calculate 2 + (7 + -1 - 0) + -4 + 1.
5
Evaluate -1 + 14 + -12 + 0 + (164 - 156).
9
What is (1 - 4) + -34 + -9 + 40?
-6
What is -41 - -1 - (1749 + -1766)?
-23
Calculate -9 - -27 - (58 - 12).
-28
What is -64 + (-34 - -71) + 25?
-2
Evaluate -77 + (-15 - -111) - (1 + 11).
7
4 + 3 + -12 + 4
-1
What is 5 + (8 + 1 - 3)?
11
-2 + 11 + (-34 - -27)
2
Evaluate -6 + 0 + -4 + (5 - (20 - 12)).
-13
What is the value of 3 + -2 + -4 + 10 + -13 - -5?
-1
What is (-116 - -121) + (-1 - 4) + 2?
2
Calculate 94 + -95 - (-3 + (2 - -1)).
-1
What is the value of -45 + 2 - (28 + -12 - 20)?
-39
(-6 + 20 - 34) + 15 - (1 + -11)
5
What is (13 - (28 + -15)) + (-11 - 1 - -1)?
-11
What is the value of 3 + -8 + (-1 + -5 - (-11 - -1))?
-1
Evaluate -12 - (1 - 16 - 11) - -3.
17
Evaluate 15 + (-35 - (-13 - -7)).
-14
Calculate (12 - 17) + 9 + -15 + -11.
-22
What is the value of 41 + -12 + (11 - 9) + -2?
29
20 - (-3 + 29) - (1 + -21)
14
Evaluate (-14 - -3 - 9) + 12 - (5 - -1).
-14
Evaluate 11 - 1 - (5 - ((2 - 9) + 9)).
7
What is the value of (7 - (24 + -13 + 1)) + 3?
-2
6 + 0 + 4 + -4 + 3
9
Evaluate 26 - 0 - (599 + -577).
4
Evaluate -17 + 4 + (-1 - -1) - (3 - 6).
-10
What is the value of 4 - ((-10 - -17) + 1 + 1 + 16)?
-21
What is the value of 6 - -2 - (483 + -462)?
-13
Calculate -1 + -9 - (-73 + (-70 - -113)).
20
(29 - 1) + 306 + -298
36
-29 - (33 - 46) - (-4 - -2) - -10
-4
What is -4 - (-7 - 2) - (19 + (-14 - 6))?
6
Calculate -5 - (-14 + -1 + 0 + (-11 - -7)).
14
What is (-4 - (6 + 3)) + (4 - 6) - -10?
-5
What is 45 - (58 - (3 - -26))?
16
What is 6 + (-10 + -1 - (-6 - 2 - -12))?
-9
Evaluate -5 - (-16 - (-24 + 17)).
4
(-18 - (-28 + 16)) + (10 - 4)
0
Calculate 9 + (8 - 18) - (14 + 1 + -7).
-9
25 - (35 + -20 + -2)
12
Calculate -6 + 15 + (22 - 16).
15
What is the value of -3 - (-2 - 9) - (0 - -1) - 6?
1
What is the value of -5 + -41 + (17 - 0)?
-29
What is (-4 - 2) + -4 + 3 - (-4 + 11)?
-14
Evaluate -11 + (60 - 21) + -34.
-6
9 + 6 + (1 - (3 + 0))
13
Calculate -45 + 19 + 1 - -54.
29
16 + ((1 - 11) + (-17 - -16) - -8)
13
8 + (5 - 1 - (-1 - -5))
8
What is the value of -15 + 19 - (0 - 6)?
10
What is the value of -23 + 32 + (-3 - -12) - (1 + 8)?
9
-23 + (3 - -18) + 4
2
What is -2 + (6 - -5) + -2 + (-2 - -12)?
17
What is -17 - (-19 + -1) - (2 - -2 - -1)?
-2
What is 6 + (-6 - -7) + 3?
10
Evaluate -4 + 72 - (-218 + 256).
30
What is the value of 7 + 1 + -2 + (32 - 42)?
-4
-25 - -20 - (12 + -19 - -7)
-5
What is the value of -5 + -2 + 4 + (-10 - 2 - 10)?
-25
Evaluate -17 + -6 + (12 - 15 - (-4 + 2)).
-24
0 - 6 - (704 + -704)
-6
Evaluate -5 + (-7 - -4) + 9 + 5.
6
Calculate 6 + -18 - (12 - 16).
-8
Evaluate 6 + (17 - -6) + -28.
1
Evaluate -5 + (5 - -11) + 1 + (0 - 4).
8
-19 - (13 + -30 + 5)
-7
-8 + (-26 - (-9 + -15 - -10))
-20
Evaluate 0 + -1 + 6 + -15 + 17 + -3.
4
What is the value of -10 + (-2 - (7 - 11)) + 1?
-7
What is -4 - (4 + 2 + -22 + 28)?
-16
Evaluate 14 - (-24 + -23 + 53).
8
Evaluate (-5 - -13) + (-3 - 8) + -12.
-15
What is 8 + (2 + 9 - 12)?
7
Evaluate 2 + -1 + -8 + (-29 - (-45 + 16)).
-7
What is the value of (16 - 1) + (-91 - (-36 + -37))?
-3
What is (-9 - 10) + (-4 - -12)?
-11
What is 22 - (-17 + 25 - -2)?
12
Calculate -7 - ((1 - (5 - -3)) + (1 - -5)).
-6
What is 12 - (-8 - (18 + -8))?
30
What is -3 + (3 - 4 - 1 - 0) - 16?
-21
What is the value of -3 + (-60 - -57) + 16 + 1?
11
Calculate 18 + (26 - 25) + -28.
-9
(25 - 12) + -13 + 9 + -15
-6
Calculate (11 - (19 + -7) - 2) + -12.
-15
Calculate (0 + 31 + -2 - -1) + -137 + 130.
23
What is ((16 - 11) + -14 - -9) + (10 - 0)?
10
What is -8 - -1 - (16 + (0 - 31 - -9))?
-1
1 - 9 - (9 - (5 + 0) - 0)
-12
What is -11 + (-7 - (4 - 12 - -8))?
-18
What is 14 - ((3 - 12) + (-3 - 0))?
26
Calculate 2 + 42 - (79 + -64).
29
What is the value of 50 + -34 + -4 + 1 + -2 + -2?
9
1 - 5 - (-48 + 35)
9
2 + -6 + 0 + 13 + -22 + -7
-20
What is 3 + (2 - (-3 - 2)) + (-358 - -358)?
10
-4 + 10 - (32 + -11)
-15
What is the value of -50 - -23 - -42 - 24?
-9
Evaluate -10 - (2 + (1 - 4 - 2) + 3).
-10
What is the value of -5 + (-9 - (7 + -12)) - -12?
3
What is 3 - (12 - 2 - (7 - (15 + -10)))?
-5
What is (1 - 0) + -15 - (67 - 67)?
-14
Evaluate 1 + (19 + -15 - -5) + 2.
12
-35 - (-63 + 16) - (0 - -25)
-13
(-3 - (-2 + 2) - -3) + 41 + -47
-6
What is -22 + 18 + -13 - (1 - 6)?
-12
-10 + (-3 - -4) + 3 + -2 - 4
-12
Evaluate -9 - ((0 - 0) + -2) - -7.
0
Calculate 40 + -35 + 1 - (-4 - 2 - 0).
12
Calculate -9 + -2 + 8 - (-10 - -43).
-36
Calculate 4 - ((-1 - (4 + -2)) + 1 - -8).
-2
What is the value of 8 - 8 - 1 - ((-7 - 7) + 39)?
-26
Calculate 28 - (7 + (33 - 10)).
-2
What is the value of -7 - (-1 + (0 - -3)) - -6?
-3
What is the value of -36 - (-22 - 5) - -38?
29
Calculate -3 + (38 - 26) + 20.
29
What is the value of 1 - 6 - (-35 - (-30 + 6))?
6
Evaluate (30 - 6 - 3) + -5 - (12 - 7).
11
What is the value of 3 - (-5 - 1 - -2 - -2)?
5
What is 11 - (-2 - (-11 + 1 + 4))?
7
What is -7 - (-7 + -1 - -4) - 1?
-4
Evaluate 13 + 5 + -6 + -21.
-9
Evaluate 38 + (-25 - (36 - 19 - 35)).
31
Calculate ((-13 - -45) + -11 - (4 - 3)) + -2.
18
What is the value of 13 + -2 - (-3 - -1 - (-108 + 100))?
5
What is the value of 5 - 2 - (0 + -9 - -6)?
6
What is -8 + 10 + -4 + 11 + -1?
8
Evaluate (13 - 20) + (64 - 82).
-25
Evaluate -14 + 6 - ((1 - 25) + 11).
5
-21 + 18 + 8 + -20 - -49
34
What is the value of 27 + (3 - (4 - -5)) + (-20 - -19)?
20
What is the value of (-99 - -31) + 32 + 38?
2
What is the value of 14 - (17 - (-5 - -11))?
3
(10 - (-8 - (7 + -6) - -2)) + 4
21
What is -6 + 1 + (-8 - (-5 + 3))?
-11
What is the value of (23 - 31 - 28) + 28?
-8
What is 11 + -8 + 11 + -13?
1
What is the value of -1 + -1 + 8 - (0 + -5 + -5)?
16
What 